{"id":4263,"date":"2025-08-01T11:32:23","date_gmt":"2025-08-01T09:32:23","guid":{"rendered":"https:\/\/ach-dasta.de\/zeitung\/?page_id=4263"},"modified":"2025-08-01T11:32:23","modified_gmt":"2025-08-01T09:32:23","slug":"demokratie","status":"publish","type":"page","link":"https:\/\/ach-dasta.de\/zeitung\/demokratie\/","title":{"rendered":"demokratie"},"content":{"rendered":"\n<div style=\"height:100px\" aria-hidden=\"true\" class=\"wp-block-spacer\"><\/div>\n\n\n<div class=\"is-style-boxed has-light-bg wp-block-themeisle-blocks-posts-grid\" id=\"wp-block-themeisle-blocks-posts-grid-df95a48b\"><div class=\"is-list\"><div class=\"o-posts-grid-post-blog o-posts-grid-post-plain\"><div class=\"o-posts-grid-post\"><div class=\"o-posts-grid-post-image\"><a href=\"https:\/\/ach-dasta.de\/zeitung\/blog\/jede-abschiebung-ist-eine-menschenrechtsverletzung\/\"><img loading=\"lazy\" decoding=\"async\" width=\"2560\" height=\"1772\" src=\"https:\/\/ach-dasta.de\/zeitung\/wp-content\/uploads\/2025\/02\/Abschiebungen-webseite-1-scaled.jpg\" class=\"attachment-full size-full\" alt=\"JEDE ABSCHIEBUNG IST EINE MENSCHENRECHTSVERLETZUNG\" srcset=\"https:\/\/ach-dasta.de\/zeitung\/wp-content\/uploads\/2025\/02\/Abschiebungen-webseite-1-scaled.jpg 2560w, https:\/\/ach-dasta.de\/zeitung\/wp-content\/uploads\/2025\/02\/Abschiebungen-webseite-1-300x208.jpg 300w, https:\/\/ach-dasta.de\/zeitung\/wp-content\/uploads\/2025\/02\/Abschiebungen-webseite-1-1024x709.jpg 1024w, https:\/\/ach-dasta.de\/zeitung\/wp-content\/uploads\/2025\/02\/Abschiebungen-webseite-1-768x532.jpg 768w, https:\/\/ach-dasta.de\/zeitung\/wp-content\/uploads\/2025\/02\/Abschiebungen-webseite-1-1536x1063.jpg 1536w, https:\/\/ach-dasta.de\/zeitung\/wp-content\/uploads\/2025\/02\/Abschiebungen-webseite-1-2048x1418.jpg 2048w\" sizes=\"(max-width: 2560px) 100vw, 2560px\" \/><\/a><\/div><div class=\"o-posts-grid-post-body\"><h4 class=\"o-posts-grid-post-title\"><a href=\"https:\/\/ach-dasta.de\/zeitung\/blog\/jede-abschiebung-ist-eine-menschenrechtsverletzung\/\">JEDE ABSCHIEBUNG IST EINE MENSCHENRECHTSVERLETZUNG<\/a><\/h4><div class=\"o-posts-grid-post-description\"><p>JEDE ABSCHIEBUNG IST EINE MENSCHENRECHTSVERLETZUNG Ein Interview von Fatma Bet\u00fcl \u00c7elik (22.Feb.2025) Dorothea K\u00f6hler ist seit 30 Jahren Menschenrechtsaktivistin und arbeitet als Sozialp\u00e4dagogin mit wohnungslosen Frauen in Dieburg. Au\u00dferdem engagiert sie sich im Bereich Kirchenasyl und hilft Menschen, die von Abschiebung betroffen sind. Illustration: Margo Sibel Koneberg Wie kamen Sie dazu, sich f\u00fcr diese Idee [&hellip;]<\/p><a class=\"o-posts-read-more\" href=\"https:\/\/ach-dasta.de\/zeitung\/blog\/jede-abschiebung-ist-eine-menschenrechtsverletzung\/\">Read More<\/a><\/div><\/div><\/div><\/div><div class=\"o-posts-grid-post-blog o-posts-grid-post-plain\"><div class=\"o-posts-grid-post\"><div class=\"o-posts-grid-post-image\"><a href=\"https:\/\/ach-dasta.de\/zeitung\/blog\/der-lustige-mitmachfaschismus\/\"><img loading=\"lazy\" decoding=\"async\" width=\"2560\" height=\"1772\" src=\"https:\/\/ach-dasta.de\/zeitung\/wp-content\/uploads\/2025\/02\/Mitmachfaschismus-Webseite-1-scaled.jpg\" class=\"attachment-full size-full\" alt=\"Der \u201elustige Mitmachfaschismus\u201c\" srcset=\"https:\/\/ach-dasta.de\/zeitung\/wp-content\/uploads\/2025\/02\/Mitmachfaschismus-Webseite-1-scaled.jpg 2560w, https:\/\/ach-dasta.de\/zeitung\/wp-content\/uploads\/2025\/02\/Mitmachfaschismus-Webseite-1-300x208.jpg 300w, https:\/\/ach-dasta.de\/zeitung\/wp-content\/uploads\/2025\/02\/Mitmachfaschismus-Webseite-1-1024x709.jpg 1024w, https:\/\/ach-dasta.de\/zeitung\/wp-content\/uploads\/2025\/02\/Mitmachfaschismus-Webseite-1-768x532.jpg 768w, https:\/\/ach-dasta.de\/zeitung\/wp-content\/uploads\/2025\/02\/Mitmachfaschismus-Webseite-1-1536x1063.jpg 1536w, https:\/\/ach-dasta.de\/zeitung\/wp-content\/uploads\/2025\/02\/Mitmachfaschismus-Webseite-1-2048x1418.jpg 2048w\" sizes=\"(max-width: 2560px) 100vw, 2560px\" \/><\/a><\/div><div class=\"o-posts-grid-post-body\"><h4 class=\"o-posts-grid-post-title\"><a href=\"https:\/\/ach-dasta.de\/zeitung\/blog\/der-lustige-mitmachfaschismus\/\">Der \u201elustige Mitmachfaschismus\u201c<\/a><\/h4><div class=\"o-posts-grid-post-description\"><p>Der \u201elustige Mitmachfaschismus\u201c Wie die rechte Szene es versteht, die Internetkultur f\u00fcr sich zu nutzen Ein Interview von Katarina Neher (21.Feb.2025) Kai Denker forscht seit Jahren an der TU Darmstadt zu rechtsextremer Internetkultur und koordiniert das Projekt MISRIK (Meme, Ideen, Strategien rechtsextremistischer Internetkommunikation), welches in Zusammenarbeit mit der JGU Mainz und der Hochschule f\u00fcr \u00f6ffentliches [&hellip;]<\/p><a class=\"o-posts-read-more\" href=\"https:\/\/ach-dasta.de\/zeitung\/blog\/der-lustige-mitmachfaschismus\/\">Read More<\/a><\/div><\/div><\/div><\/div><div class=\"o-posts-grid-post-blog o-posts-grid-post-plain\"><div class=\"o-posts-grid-post\"><div class=\"o-posts-grid-post-image\"><a href=\"https:\/\/ach-dasta.de\/zeitung\/blog\/ins-netz-gegangen-teil-2-der-ueberwachungskapitalismus\/\"><img loading=\"lazy\" decoding=\"async\" width=\"2560\" height=\"1772\" src=\"https:\/\/ach-dasta.de\/zeitung\/wp-content\/uploads\/2025\/02\/U\u0308berwachung-Webseite-1-scaled.jpg\" class=\"attachment-full size-full\" alt=\"&#8222;Ins Netz gegangen&#8220; Teil 2: \u00dcberwachungskapitalismus\" srcset=\"https:\/\/ach-dasta.de\/zeitung\/wp-content\/uploads\/2025\/02\/U\u0308berwachung-Webseite-1-scaled.jpg 2560w, https:\/\/ach-dasta.de\/zeitung\/wp-content\/uploads\/2025\/02\/U\u0308berwachung-Webseite-1-300x208.jpg 300w, https:\/\/ach-dasta.de\/zeitung\/wp-content\/uploads\/2025\/02\/U\u0308berwachung-Webseite-1-1024x709.jpg 1024w, https:\/\/ach-dasta.de\/zeitung\/wp-content\/uploads\/2025\/02\/U\u0308berwachung-Webseite-1-768x532.jpg 768w, https:\/\/ach-dasta.de\/zeitung\/wp-content\/uploads\/2025\/02\/U\u0308berwachung-Webseite-1-1536x1063.jpg 1536w, https:\/\/ach-dasta.de\/zeitung\/wp-content\/uploads\/2025\/02\/U\u0308berwachung-Webseite-1-2048x1418.jpg 2048w\" sizes=\"(max-width: 2560px) 100vw, 2560px\" \/><\/a><\/div><div class=\"o-posts-grid-post-body\"><h4 class=\"o-posts-grid-post-title\"><a href=\"https:\/\/ach-dasta.de\/zeitung\/blog\/ins-netz-gegangen-teil-2-der-ueberwachungskapitalismus\/\">&#8222;Ins Netz gegangen&#8220; Teil 2: \u00dcberwachungskapitalismus<\/a><\/h4><div class=\"o-posts-grid-post-description\"><p>&#8222;Ins Netz gegangen&#8220; Teil 2: \u00dcberwachungskapitalismus Von Louisa Albert (20.Feb.2025) Ins Netz gegangen Surfen, snappen, schreiben &#8211; das Internet und vor allem die sozialen Netzwerke sind seit der Jahrtausendwende zu einem einzigartigen gesellschaftlichen Raum geworden, der nicht mehr aus unserem Alltag wegzudenken ist. Die ganze Welt ist online, viele von uns verbringen mehrere Stunden am [&hellip;]<\/p><a class=\"o-posts-read-more\" href=\"https:\/\/ach-dasta.de\/zeitung\/blog\/ins-netz-gegangen-teil-2-der-ueberwachungskapitalismus\/\">Read More<\/a><\/div><\/div><\/div><\/div><\/div> <\/div>\n\n\n<div style=\"height:100px\" aria-hidden=\"true\" class=\"wp-block-spacer\"><\/div>\n","protected":false},"excerpt":{"rendered":"","protected":false},"author":1,"featured_media":0,"parent":0,"menu_order":0,"comment_status":"closed","ping_status":"closed","template":"","meta":{"_monsterinsights_skip_tracking":false,"_monsterinsights_sitenote_active":false,"_monsterinsights_sitenote_note":"","_monsterinsights_sitenote_category":0,"_themeisle_gutenberg_block_has_review":false,"footnotes":""},"class_list":["post-4263","page","type-page","status-publish","hentry"],"_links":{"self":[{"href":"https:\/\/ach-dasta.de\/zeitung\/wp-json\/wp\/v2\/pages\/4263","targetHints":{"allow":["GET"]}}],"collection":[{"href":"https:\/\/ach-dasta.de\/zeitung\/wp-json\/wp\/v2\/pages"}],"about":[{"href":"https:\/\/ach-dasta.de\/zeitung\/wp-json\/wp\/v2\/types\/page"}],"author":[{"embeddable":true,"href":"https:\/\/ach-dasta.de\/zeitung\/wp-json\/wp\/v2\/users\/1"}],"replies":[{"embeddable":true,"href":"https:\/\/ach-dasta.de\/zeitung\/wp-json\/wp\/v2\/comments?post=4263"}],"version-history":[{"count":2,"href":"https:\/\/ach-dasta.de\/zeitung\/wp-json\/wp\/v2\/pages\/4263\/revisions"}],"predecessor-version":[{"id":4265,"href":"https:\/\/ach-dasta.de\/zeitung\/wp-json\/wp\/v2\/pages\/4263\/revisions\/4265"}],"wp:attachment":[{"href":"https:\/\/ach-dasta.de\/zeitung\/wp-json\/wp\/v2\/media?parent=4263"}],"curies":[{"name":"wp","href":"https:\/\/api.w.org\/{rel}","templated":true}]}}