{"id":54,"date":"2021-06-20T09:48:20","date_gmt":"2021-06-20T09:48:20","guid":{"rendered":"https:\/\/ach-dasta.de\/zeitung\/?page_id=54"},"modified":"2025-07-09T17:19:48","modified_gmt":"2025-07-09T15:19:48","slug":"impressum","status":"publish","type":"page","link":"https:\/\/ach-dasta.de\/zeitung\/impressum\/","title":{"rendered":"impressum"},"content":{"rendered":"\n<h2 class=\"wp-block-heading\">Impressum<\/h2>\n\n\n\n<h3 class=\"wp-block-heading\"><strong>Anschrift<\/strong><\/h3>\n\n\n\n<p>ach_dasta &#8211; Zeitung des Allgemeinen Studierendenausschusses der Hochschule Darmstadt<br>c\/o AStA Hochschule Darmstadt<br>Sch\u00f6fferstrasse 3<br>64295 Darmstadt<\/p>\n\n\n\n<p>Die Studierendenschaft der Hochschule Darmstadt ist eine K\u00f6rperschaft des \u00f6ffentlichen Rechts, vertreten durch den Allgemeinen Studierendenausschuss (AStA).<\/p>\n\n\n\n<p><strong>E-Mail<\/strong><\/p>\n\n\n\n<ul class=\"wp-block-list\">\n<li>AG Media: media[\u00e4t]asta-hda[punkt]de<\/li>\n<\/ul>\n\n\n\n<h3 class=\"wp-block-heading\"><strong>Internet<\/strong><\/h3>\n\n\n\n<ul class=\"wp-block-list\">\n<li><a href=\"http:\/\/www.asta-hochschule-darmstadt.de\">www.asta-hochschule-darmstadt.de<\/a><\/li>\n\n\n\n<li><a href=\"https:\/\/ach-dasta.de\/zeitung\/\">https:\/\/ach-dasta.de\/zeitung\/<\/a><\/li>\n\n\n\n<li><a href=\"https:\/\/www.instagram.com\/ach_dasta\/\">https:\/\/www.instagram.com\/ach_dasta\/<\/a><\/li>\n<\/ul>\n\n\n\n<p>Die hier angegebenen Kontaktdaten dienen ausschlie\u00dflich der Erf\u00fcllung des jeweiligen erl\u00e4uterten Zwecks. Die Nutzung der Adressen zu Werbe-, Umfrage- oder Marketingzwecken ist nicht gestattet.<\/p>\n\n\n\n<p>Beitr\u00e4ge und Kommentare spiegeln nicht notwendigerweise die Meinung des AStAs wieder. <\/p>\n\n\n\n<h3 class=\"wp-block-heading\"><strong>Design und Entwicklung<\/strong><strong> ach-dasta.de<\/strong><\/h3>\n\n\n\n<p><br>Margo Sibel Koneberg<br>ellie haase<br><br>Ehemalige:<\/p>\n\n\n\n<p>Marco Sch\u00fcler<br>Nina Schermal<br>Louisa Albert<br>Maya-Katharina Schulz<br>Sarah Grund<br>Karoline Hummel<br>Lucia Junker<br>Jana Mayer\u00a0<br>Caelan Novo Fernandez<\/p>\n\n\n\n<h3 class=\"wp-block-heading\"><strong>Haftungshinweis<\/strong><\/h3>\n\n\n\n<p>TROTZ SORGF\u00c4LTIGER INHALTLICHER KONTROLLE \u00dcBERNEHMEN WIR KEINE HAFTUNG F\u00dcR DIE INHALTE EXTERNER LINKS. F\u00dcR DEN INHALT DER VERLINKTEN SEITEN SIND AUSSCHLIESSLICH DEREN JEWEILIGE BETREIBER:INNEN VERANTWORTLICH<\/p>\n","protected":false},"excerpt":{"rendered":"<p>Impressum Anschrift ach_dasta &#8211; Zeitung des Allgemeinen Studierendenausschusses der Hochschule Darmstadtc\/o AStA Hochschule DarmstadtSch\u00f6fferstrasse 364295 Darmstadt Die Studierendenschaft der Hochschule Darmstadt ist eine K\u00f6rperschaft des \u00f6ffentlichen Rechts, vertreten durch den Allgemeinen Studierendenausschuss (AStA). E-Mail Internet Die hier angegebenen Kontaktdaten dienen ausschlie\u00dflich der Erf\u00fcllung des jeweiligen erl\u00e4uterten Zwecks. Die Nutzung der Adressen zu Werbe-, Umfrage- oder [&hellip;]<\/p>\n","protected":false},"author":3,"featured_media":0,"parent":0,"menu_order":0,"comment_status":"closed","ping_status":"closed","template":"","meta":{"_monsterinsights_skip_tracking":false,"_monsterinsights_sitenote_active":false,"_monsterinsights_sitenote_note":"","_monsterinsights_sitenote_category":0,"_themeisle_gutenberg_block_has_review":false,"footnotes":""},"class_list":["post-54","page","type-page","status-publish","hentry"],"_links":{"self":[{"href":"https:\/\/ach-dasta.de\/zeitung\/wp-json\/wp\/v2\/pages\/54","targetHints":{"allow":["GET"]}}],"collection":[{"href":"https:\/\/ach-dasta.de\/zeitung\/wp-json\/wp\/v2\/pages"}],"about":[{"href":"https:\/\/ach-dasta.de\/zeitung\/wp-json\/wp\/v2\/types\/page"}],"author":[{"embeddable":true,"href":"https:\/\/ach-dasta.de\/zeitung\/wp-json\/wp\/v2\/users\/3"}],"replies":[{"embeddable":true,"href":"https:\/\/ach-dasta.de\/zeitung\/wp-json\/wp\/v2\/comments?post=54"}],"version-history":[{"count":11,"href":"https:\/\/ach-dasta.de\/zeitung\/wp-json\/wp\/v2\/pages\/54\/revisions"}],"predecessor-version":[{"id":4091,"href":"https:\/\/ach-dasta.de\/zeitung\/wp-json\/wp\/v2\/pages\/54\/revisions\/4091"}],"wp:attachment":[{"href":"https:\/\/ach-dasta.de\/zeitung\/wp-json\/wp\/v2\/media?parent=54"}],"curies":[{"name":"wp","href":"https:\/\/api.w.org\/{rel}","templated":true}]}}

<h2 class="wp-block-heading">Impressum</h2>



<h3 class="wp-block-heading"><strong>Anschrift</strong></h3>



<p>ach_dasta &#8211; Zeitung des Allgemeinen Studierendenausschusses der Hochschule Darmstadt<br>c/o AStA Hochschule Darmstadt<br>Schöfferstrasse 3<br>64295 Darmstadt</p>



<p>Die Studierendenschaft der Hochschule Darmstadt ist eine Körperschaft des öffentlichen Rechts, vertreten durch den Allgemeinen Studierendenausschuss (AStA).</p>



<p><strong>E-Mail</strong></p>



<ul class="wp-block-list">
<li>AG Media: media[ät]asta-hda[punkt]de</li>
</ul>



<h3 class="wp-block-heading"><strong>Internet</strong></h3>



<ul class="wp-block-list">
<li><a href="http://www.asta-hochschule-darmstadt.de">www.asta-hochschule-darmstadt.de</a></li>



<li><a href="https://ach-dasta.de/zeitung/">https://ach-dasta.de/zeitung/</a></li>



<li><a href="https://www.instagram.com/ach_dasta/">https://www.instagram.com/ach_dasta/</a></li>
</ul>



<p>Die hier angegebenen Kontaktdaten dienen ausschließlich der Erfüllung des jeweiligen erläuterten Zwecks. Die Nutzung der Adressen zu Werbe-, Umfrage- oder Marketingzwecken ist nicht gestattet.</p>



<p>Beiträge und Kommentare spiegeln nicht notwendigerweise die Meinung des AStAs wieder. </p>



<h3 class="wp-block-heading"><strong>Design und Entwicklung</strong><strong> ach-dasta.de</strong></h3>



<p><br>Margo Sibel Koneberg<br>ellie haase<br><br>Ehemalige:</p>



<p>Marco Schüler<br>Nina Schermal<br>Louisa Albert<br>Maya-Katharina Schulz<br>Sarah Grund<br>Karoline Hummel<br>Lucia Junker<br>Jana Mayer <br>Caelan Novo Fernandez</p>



<h3 class="wp-block-heading"><strong>Haftungshinweis</strong></h3>



<p>TROTZ SORGFÄLTIGER INHALTLICHER KONTROLLE ÜBERNEHMEN WIR KEINE HAFTUNG FÜR DIE INHALTE EXTERNER LINKS. FÜR DEN INHALT DER VERLINKTEN SEITEN SIND AUSSCHLIESSLICH DEREN JEWEILIGE BETREIBER:INNEN VERANTWORTLICH</p>

<p>Impressum Anschrift ach_dasta &#8211; Zeitung des Allgemeinen Studierendenausschusses der Hochschule Darmstadtc/o AStA Hochschule DarmstadtSchöfferstrasse 364295 Darmstadt Die Studierendenschaft der Hochschule Darmstadt ist eine Körperschaft des öffentlichen Rechts, vertreten durch den Allgemeinen Studierendenausschuss (AStA). E-Mail Internet Die hier angegebenen Kontaktdaten dienen ausschließlich der Erfüllung des jeweiligen erläuterten Zwecks. Die Nutzung der Adressen zu Werbe-, Umfrage- oder [&hellip;]</p>
